{"id":39,"date":"2015-05-18T14:18:56","date_gmt":"2015-05-18T12:18:56","guid":{"rendered":"http:\/\/www.generationenchor.ch\/?page_id=39"},"modified":"2018-03-01T10:42:57","modified_gmt":"2018-03-01T09:42:57","slug":"unser-dirigent","status":"publish","type":"page","link":"http:\/\/generationenchor.catatec.ch\/?page_id=39","title":{"rendered":"Unser Dirigent"},"content":{"rendered":"<h2>Moritz Achermann<\/h2>\n<p><a href=\"http:\/\/www.generationenchor.ch\/wp-content\/uploads\/2018\/03\/moritz_achermann.jpg\"><img loading=\"lazy\" decoding=\"async\" class=\"size-medium wp-image-1226\" src=\"http:\/\/www.generationenchor.ch\/wp-content\/uploads\/2018\/03\/moritz_achermann-300x225.jpg\" alt=\"\" width=\"300\" height=\"225\" srcset=\"http:\/\/generationenchor.catatec.ch\/wp-content\/uploads\/2018\/03\/moritz_achermann-300x225.jpg 300w, http:\/\/generationenchor.catatec.ch\/wp-content\/uploads\/2018\/03\/moritz_achermann-768x576.jpg 768w, http:\/\/generationenchor.catatec.ch\/wp-content\/uploads\/2018\/03\/moritz_achermann-400x300.jpg 400w, http:\/\/generationenchor.catatec.ch\/wp-content\/uploads\/2018\/03\/moritz_achermann.jpg 800w\" sizes=\"auto, (max-width: 300px) 100vw, 300px\" \/><\/a><\/p>\n<p>Moritz Achermann (*1991) studierte Musikwissenschaft und Germanistik an der Universit\u00e4t Bern bevor er im Herbst 2016 in die Gesangsklasse von Kai Wessel an der Hochschule der K\u00fcnste Bern eintrat. Er arbeitet als Chorleiter, Theatermusiker, Komponist und Musikkritiker und schreibt Texte f\u00fcr Musikfestivals und Konzertveranstalter. Er erhielt Kompositionsauftr\u00e4ge f\u00fcr das Barockensemble Il dolcimelo, das Vokalensemble Belcanto, das Jugendorchester K\u00f6niz, das orchestra giovane und das Kammerorchester musica movendi. Seine St\u00fccke f\u00fcr Chor und Marimba wurden vom Norsk Musikforlag in Oslo publiziert. Er ist Co-Leiter der Theatergruppe des Gymnasiums Neufeld und war als Musiker in Theaterproduktionen am Stadttheater Bern, am Theater Biel-Solothurn und in der freien Szene engagiert. Diverse Projekte realisierte er mit dem Theaterkollektiv Faust Gottes. Er war drei Jahre Pr\u00e4sident des Berner StudentInnentheaters und unterrichtete ein Semester an der p\u00e4dagogischen Hochschule Z\u00fcrich. Moritz Achermann dirigiert das von ihm gegr\u00fcndete Vokalensemble Suppl\u00e9ments musicaux, mit dem er 2014 den Jugendpreis der Burgergemeinde Bern gewann, den Chor Laltracosa, den M\u00e4nnerchor Wangen an der Aare, den Berner Generationenchor, das Kammerorchester Campo fiorente und bet\u00e4tigt sich als S\u00e4nger, DJ und Performer.<\/p>\n<h2>unser fr\u00fcherer Dirigent<br \/>\n<img loading=\"lazy\" decoding=\"async\" id=\"artMainVis\" class=\"jqzoomINNER\" src=\"http:\/\/files.newsnetz.ch\/story\/1\/5\/5\/15590113\/4\/topelement.jpg\" alt=\"Dirigent Patrick Secchiari.\" width=\"191\" height=\"129\" \/><\/h2>\n<p class=\"caption\">\u00a0Patrick Secchiari.<br \/>\nBild: zvg<\/p>\n<p><a href=\"http:\/\/www.secchiari.ch\">http:\/\/www.secchiari.ch\/<\/a><\/p>\n","protected":false},"excerpt":{"rendered":"<p>Moritz Achermann Moritz Achermann (*1991) studierte Musikwissenschaft und Germanistik an der Universit\u00e4t Bern bevor er im Herbst 2016 in die Gesangsklasse von Kai Wessel an der Hochschule der K\u00fcnste Bern eintrat. Er arbeitet als Chorleiter, Theatermusiker, Komponist und Musikkritiker und &hellip; <a href=\"http:\/\/generationenchor.catatec.ch\/?page_id=39\">Weiterlesen <span class=\"meta-nav\">&rarr;<\/span><\/a><\/p>\n","protected":false},"author":1,"featured_media":0,"parent":18,"menu_order":0,"comment_status":"closed","ping_status":"closed","template":"","meta":{"footnotes":""},"class_list":["post-39","page","type-page","status-publish","hentry"],"_links":{"self":[{"href":"http:\/\/generationenchor.catatec.ch\/index.php?rest_route=\/wp\/v2\/pages\/39","targetHints":{"allow":["GET"]}}],"collection":[{"href":"http:\/\/generationenchor.catatec.ch\/index.php?rest_route=\/wp\/v2\/pages"}],"about":[{"href":"http:\/\/generationenchor.catatec.ch\/index.php?rest_route=\/wp\/v2\/types\/page"}],"author":[{"embeddable":true,"href":"http:\/\/generationenchor.catatec.ch\/index.php?rest_route=\/wp\/v2\/users\/1"}],"replies":[{"embeddable":true,"href":"http:\/\/generationenchor.catatec.ch\/index.php?rest_route=%2Fwp%2Fv2%2Fcomments&post=39"}],"version-history":[{"count":4,"href":"http:\/\/generationenchor.catatec.ch\/index.php?rest_route=\/wp\/v2\/pages\/39\/revisions"}],"predecessor-version":[{"id":1227,"href":"http:\/\/generationenchor.catatec.ch\/index.php?rest_route=\/wp\/v2\/pages\/39\/revisions\/1227"}],"up":[{"embeddable":true,"href":"http:\/\/generationenchor.catatec.ch\/index.php?rest_route=\/wp\/v2\/pages\/18"}],"wp:attachment":[{"href":"http:\/\/generationenchor.catatec.ch\/index.php?rest_route=%2Fwp%2Fv2%2Fmedia&parent=39"}],"curies":[{"name":"wp","href":"https:\/\/api.w.org\/{rel}","templated":true}]}}

<h2>Moritz Achermann</h2>
<p><a href="http://www.generationenchor.ch/wp-content/uploads/2018/03/moritz_achermann.jpg"><img loading="lazy" decoding="async" class="size-medium wp-image-1226" src="http://www.generationenchor.ch/wp-content/uploads/2018/03/moritz_achermann-300x225.jpg" alt="" width="300" height="225" srcset="http://generationenchor.catatec.ch/wp-content/uploads/2018/03/moritz_achermann-300x225.jpg 300w, http://generationenchor.catatec.ch/wp-content/uploads/2018/03/moritz_achermann-768x576.jpg 768w, http://generationenchor.catatec.ch/wp-content/uploads/2018/03/moritz_achermann-400x300.jpg 400w, http://generationenchor.catatec.ch/wp-content/uploads/2018/03/moritz_achermann.jpg 800w" sizes="auto, (max-width: 300px) 100vw, 300px" /></a></p>
<p>Moritz Achermann (*1991) studierte Musikwissenschaft und Germanistik an der Universität Bern bevor er im Herbst 2016 in die Gesangsklasse von Kai Wessel an der Hochschule der Künste Bern eintrat. Er arbeitet als Chorleiter, Theatermusiker, Komponist und Musikkritiker und schreibt Texte für Musikfestivals und Konzertveranstalter. Er erhielt Kompositionsaufträge für das Barockensemble Il dolcimelo, das Vokalensemble Belcanto, das Jugendorchester Köniz, das orchestra giovane und das Kammerorchester musica movendi. Seine Stücke für Chor und Marimba wurden vom Norsk Musikforlag in Oslo publiziert. Er ist Co-Leiter der Theatergruppe des Gymnasiums Neufeld und war als Musiker in Theaterproduktionen am Stadttheater Bern, am Theater Biel-Solothurn und in der freien Szene engagiert. Diverse Projekte realisierte er mit dem Theaterkollektiv Faust Gottes. Er war drei Jahre Präsident des Berner StudentInnentheaters und unterrichtete ein Semester an der pädagogischen Hochschule Zürich. Moritz Achermann dirigiert das von ihm gegründete Vokalensemble Suppléments musicaux, mit dem er 2014 den Jugendpreis der Burgergemeinde Bern gewann, den Chor Laltracosa, den Männerchor Wangen an der Aare, den Berner Generationenchor, das Kammerorchester Campo fiorente und betätigt sich als Sänger, DJ und Performer.</p>
<h2>unser früherer Dirigent<br />
<img loading="lazy" decoding="async" id="artMainVis" class="jqzoomINNER" src="http://files.newsnetz.ch/story/1/5/5/15590113/4/topelement.jpg" alt="Dirigent Patrick Secchiari." width="191" height="129" /></h2>
<p class="caption"> Patrick Secchiari.<br />
Bild: zvg</p>
<p><a href="http://www.secchiari.ch">http://www.secchiari.ch/</a></p>

<p>Moritz Achermann Moritz Achermann (*1991) studierte Musikwissenschaft und Germanistik an der Universität Bern bevor er im Herbst 2016 in die Gesangsklasse von Kai Wessel an der Hochschule der Künste Bern eintrat. Er arbeitet als Chorleiter, Theatermusiker, Komponist und Musikkritiker und &hellip; <a href="http://generationenchor.catatec.ch/?page_id=39">Weiterlesen <span class="meta-nav">&rarr;</span></a></p>
